01?
-101000
In base 14, what is -5 + -104?
-109
In base 12, what is -3 - 3416?
-3419
In base 16, what is 12 - -31a?
32c
In base 13, what is -5a + -c?
-69
In base 10, what is 25624 + -2?
25622
In base 9, what is 10 - -23?
33
In base 7, what is 14 - -616?
633
In base 8, what is 12111 + 5?
12116
In base 8, what is 16 + 275?
313
In base 5, what is 10 + 313?
323
In base 12, what is b0 + 1b?
10b
In base 11, what is -1 - -399?
398
In base 5, what is -1 - 11042?
-11043
In base 2, what is 10010000010 + -1?
10010000001
In base 13, what is 3 - 69?
-66
In base 9, what is -1808 + -7?
-1816
In base 7, what is 225 - 14?
211
In base 10, what is -1 - -105?
104
In base 3, what is -22 + 10002?
2210
In base 14, what is -6 + -396?
-39c
In base 6, what is -1 + -3405?
-3410
In base 13, what is -89 - 11?
-9a
In base 16, what is -9 + 64?
5b
In base 12, what is -729 + 1a?
-70b
In base 5, what is 14 - 21?
-2
In base 14, what is 149 + -d?
13a
In base 11, what is 64 - 48?
17
In base 10, what is 31 + -5?
26
In base 11, what is 3616 - -3?
3619
In base 4, what is -10 + -3300?
-3310
In base 10, what is 10 + -28?
-18
In base 7, what is 451 + 55?
536
In base 13, what is -b - 1?
-c
In base 9, what is -11 + -101?
-112
In base 2, what is -1 - 10100?
-10101
In base 3, what is 11 - 22?
-11
In base 5, what is 132 + -3?
124
In base 12, what is -3 - -91?
8a
In base 16, what is -1 + -4c?
-4d
In base 7, what is -5 - 563?
-601
In base 15, what is 9d - -57?
105
In base 11, what is a891 - -1?
a892
In base 12, what is 51a - -2?
520
In base 13, what is 5 + 90a?
912
In base 13, what is 699 - -7?
6a3
In base 10, what is 4 + -123?
-119
In base 14, what is -2bd + -4?
-2c3
In base 13, what is 2a0 - -3?
2a3
In base 2, what is -1010 + 1000?
-10
In base 4, what is -2 + -111323?
-111331
In base 7, what is -31 - 5?
-36
In base 9, what is 3 + 7283?
7286
In base 16, what is -88 + 3?
-85
In base 8, what is 470 + -4?
464
In base 4, what is -12 - -232?
220
In base 4, what is 12 - 20?
-2
In base 13, what is 62 - -3?
65
In base 13, what is 1ba - -1?
1bb
In base 5, what is 2 + -40100?
-40043
In base 10, what is -1 + -4?
-5
In base 6, what is 5 - 1403?
-1354
In base 7, what is -3524 - -5?
-3516
In base 10, what is -65 + 3?
-62
In base 2, what is -100 - 110111011?
-110111111
In base 8, what is -161 + -16?
-177
In base 11, what is -2175 - 0?
-2175
In base 2, what is 11 - -11110?
100001
In base 16, what is 3f + 5?
44
In base 3, what is 0 + 1002011?
1002011
In base 9, what is 0 + 3163?
3163
In base 5, what is 31142 + -2?
31140
In base 2, what is 111010 - 0?
111010
In base 11, what is -6 + -477?
-482
In base 4, what is 10 + 1300333?
1301003
In base 14, what is -1c + a?
-12
In base 10, what is 22 + -42?
-20
In base 16, what is -fd - -1f?
-de
In base 10, what is -34 + -4?
-38
In base 15, what is -5 - -2b0?
2aa
In base 16, what is -5 + 3?
-2
In base 10, what is 79 + -2?
77
In base 15, what is 2 - 2a?
-28
In base 2, what is -1 + 100111?
100110
In base 12, what is -13 + -2?
-15
In base 2, what is -11 + -1100100?
-1100111
In base 12, what is -29 - b?
-38
In base 12, what is 104b - -1?
1050
In base 15, what is 12 - 8?
9
In base 13, what is -45 + 8?
-3a
In base 5, what is -4111 - -12?
-4044
In base 12, what is 0 + -98?
-98
In base 10, what is -3 - 92?
-95
In base 8, what is -663 - -5?
-656
In base 5, what is -1 + 2124?
2123
In base 8, what is 3 + -237?
-234
In base 16, what is 10b0 - 2?
10ae
In base 6, what is -30 + 503?
433
In base 5, what is 4 - -211?
220
In base 7, what is -132 + -1?
-133
In base 15, what is 51c + 3?
520
In base 3, what is 221202 - 0?
221202
In base 5, what is -3224 - 2?
-3231
In base 15, what is -2e0 + -a?
-2ea
In base 10, what is -36 - 3?
-39
In base 15, what is 2 + -1b?
-19
In base 10, what is 40 + 175?
215
In base 16, what is -1c - -17?
-5
In base 4, what is -102 + -13?
-121
In base 10, what is 413 + 1?
414
In base 7, what is 33263 + 2?
33265
In base 13, what is 2c - 8?
24
In base 4, what is 1102 - 2303?
-1201
In base 14, what is -17 - -3?
-14
In base 16, what is 8a + 1b?
a5
In base 5, what is 2111 - 220?
1341
In base 14, what is d + 3a6?
3b5
In base 5, what is 4220 + -1?
4214
In base 6, what is 13323 + 0?
13323
In base 15, what is -d + -29?
-37
In base 12, what is 1 - -3925?
3926
In base 4, what is 3 + -12031?
-12022
In base 12, what is 12 + 17?
29
In base 6, what is -5143 - 4?
-5151
In base 5, what is 110 - 31?
24
In base 10, what is 9 + -78?
-69
In base 15, what is 2 + -44?
-42
In base 7, what is 0 - -3432?
3432
In base 10, what is 4 - -3671?
3675
In base 15, what is 855 - 1?
854
In base 14, what is 2 + 897?
899
In base 3, what is 1 - 2010?
-2002
In base 14, what is -4a1 + 2?
-49d
In base 3, what is 112 - -1101?
1220
In base 5, what is -4230 - 20?
-4300
In base 12, what is 2339 - -5?
2342
In base 5, what is 1312 + -10?
1302
In base 10, what is -3 - 67?
-70
In base 11, what is 12 + -6?
7
In base 6, what is -3250 + -10?
-3300
In base 6, what is -3 - 1024?
-1031
In base 12, what is -5b + -b2?
-151
In base 9, what is 17 + 53?
71
In base 9, what is 5 + -576?
-571
In base 14, what is 6b1 - -5?
6b6
In base 4, what is 31220 + -10?
31210
In base 12, what is -7b - -1?
-7a
In base 7, what is -5 - -202?
164
In base 12, what is -37 + -3?
-3a
In base 13, what is 5 + -28?
-23
In base 13, what is 2 - 22?
-20
In base 9, what is -5 - 61?
-66
In base 14, what is 271 - 5?
26a
In base 13, what is 1 - 18?
-17
In base 2, what is 100000011 + -101?
11111110
In base 8, what is 16 + 73?
111
In base 5, what is -211440 - 0?
-211440
In base 9, what is 1 - -537?
538
In base 7, what is 2 - -266?
301
In base 5, what is -12 + 320?
303
In base 5, what is -12 + 42234?
42222
In base 13, what is -b20 + 0?
-b20
In base 16, what is 2 - 12e?
-12c
In base 8, what is 4 + 254?
260
In base 9, what is 7 - -81?
88
In base 6, what is -23 - 1115?
-1142
In base 5, what is 3 + -310?
-302
In base 13, what is -33 + -4?
-37
In base 4, what is 10 + 303?
313
In base 11, what is -7 - -17?
10
In base 6, what is 40 + 1244?
1324
In base 13, what is 16 - 21?
-8
In base 3, what is 1021 - 10022?
-2001
In base 15, what is -22 + eb?
c9
In base 12, what is 32 + 63?
95
In base 6, what is -5301 + -3?
-5304
In base 5, what is 23240 - -1?
23241
In base 14, what is 9dbb + -1?
9dba
In base 4, what is 1 - 1?
0
In base 10, what is -10 - -78?
68
In base 9, what is 11 + 30?
41
In base 11, what is -3209 - 5?
-3213
In base 12, what is -8 - 16?
-22
In base 14, what is 3 - -73?
76
In base 2, what is 1 - -11001?
11010
In base 5, what is 113024 - -2?
113031
In base 10, what is -8332 + 5?
-8327
In base 6, what is -1130 + 3?
-1123
In base 7, what is 0 - -114?
114
In base 11, what is 4 - 2794?
-2790
In base 16, what is -23c - -1?
-23b
In base 8, what is 5 - 321?
-314
In base 5, what is 110 - -140?
300
In base 8, what is 5 + -232?
-225
In base 8, what is 11 - 4037?
-4026
In base 3, what is -111 + -210012?
-210200
In base 8, what is 4 - -5100?
5104
In base 6, what is -241 - 4?
-245
In base 10, what is 1051 - 3?
1048
In base 15, what is 31b + -2?
319
In base 2, what is 0 - -110110101100?
110110101100
In base 16, what is -2e + -1e?
-4c
In base 12, what is 6 - -b?
15
In base 15, what is 5 - -11?
16
In base 13, what is -b15 - 0?
-b15
In base 14, what is 4 - -36?
3a
In base 15, what is -1 - 61a?
-61b
In base 14, what is 47b - -4?
481
In base 15, what is -1c - 6?
-23
In base 5, what is 0 - -2?
2
In base 8, what is -164 - -1?
-163
In base 12, what is -4 - -58?
54
In base 14, what is -81 + -37?
-b8
In base 6, what is 51 - 5?
42
In base 11, what is 2 + -720?
-719
In base 5, what is 3 + -333?
-330
In base 13, what is 5 + 166?
16b
In base 13, what is -30a3 + 3?
-30a0
In base 6, what is 25 - -32?
101
In base 3, what is 2220012 + 1?
2220020
In base 2, what is 11 + -10110100000?
-10110011101
In base 16, what is -6 - -c1?
bb
In base 10, what is -86 + 2?
-84
In base 13, what is 4 + 625?
629
In base 11, what is -14 - 13?
-27
In base 6, what is 1210 - -43?
1253
In base 8, what is -1 - -1233?
1232
In base 11, what is -4 - 114?
-118
In base 16, what is -1f - 16?
-35
In base 3, what is 10 + 21?
101
In base 4, what is -1203 + 10?
-1133
In base 16, what is -2a73 + -1?
-2a74
In base 13, what is 187 - 5?
182
In base 3, what is -10 - 102121000?
-102121010
In base 12, what is 1106 + -4?
1102
In base 13, 